5 + -239. What is the greatest common factor of 12 and a?
12
Let x(y) be the second derivative of y**4/12 - y**3/2 - y**2/2 + y. Suppose 5*a + 42 = -9*a. Let q be x(a). Calculate the highest common divisor of q and 85.
17
Let l(i) = -2*i**2 - 3 - 5*i + 5*i**2 - 2*i**2 + 0*i**2. Let g be l(-3). Suppose 4*j + g = 7*j. What is the highest common factor of j and 49?
7
Let i(n) = 2*n**3 - 21*n**2 + 39*n + 15. Let j be i(8). Calculate the highest common factor of j and 14.
7
Let y(d) = d**3 - 8*d**2 + 2*d - 5. Let i be y(8). Suppose 5*r = -3*k + 81, 43 + 14 = 3*k - 3*r. What is the greatest common divisor of k and i?
11
Suppose -6*x + 505 = -647. Calculate the highest common divisor of 320 and x.
64
Suppose -72 - 11 = -2*f + h, 175 = 4*f - 5*h. Let i be (-20)/(-3)*(30 - 0). Calculate the greatest common divisor of i and f.
40
Let o(b) = 2*b**2 + 19*b + 48. Let z be o(-16). Calculate the highest common factor of z and 160.
32
Let o be 2548/143 + 4/22. Suppose -6*a + 451 = -89. Calculate the greatest common factor of a and o.
18
Suppose -3*b - 24 - 15 = -3*h, -b = -2. Suppose -183 = 3*s - 1623. Suppose -5*w + w + s = 0. Calculate the greatest common factor of h and w.
15
Let w(q) = -q + 7. Suppose 20 = -t + 5*t. Let r be w(t). Suppose -3*z - 95 = -5*x, -r*x + 5*z = -0*z - 38. Calculate the greatest common divisor of x and 76.
19
Let n = 16 - 12. Let x be (-50)/18 - n/18. Let g be ((-14)/x)/(2/30). Calculate the highest common factor of 10 and g.
10
Let i = 170 - 100. What is the highest common factor of 1190 and i?
70
Let s = -34 - 12. Let x = 47 + s. What is the highest common factor of x and 3?
1
Suppose 377 = -12*p + 4265. What is the highest common factor of 108 and p?
108
Suppose 0 = 4*d - 2*l - 10, 2*l - 6*l + 4 = 0. Suppose f - 466 = -2*z, -2*z = -0*f + d*f - 474. What is the greatest common factor of 21 and z?
21
Let g(q) = -5*q - 23. Let f be g(-5). Suppose f*d - 195 = 21. What is the highest common factor of d and 27?
27
Let p = 186 + -185. Calculate the greatest common factor of p and 29.
1
Suppose -15*y - 50*y = -4940. Calculate the greatest common divisor of 1 and y.
1
Let u(o) = o**3 - 4*o**2 - 7*o + 7. Let w be u(7). Suppose -5*l = m - 70, -5*m = 4*l + 89 - 124. What is the greatest common factor of w and l?
15
Let o = 191 + -176. What is the greatest common divisor of 15 and o?
15
Suppose -341 + 1215 = 2*i. Calculate the highest common factor of 23 and i.
23
Suppose 5 = 4*j - 31. Suppose 6*m = j + 3. Suppose -2 = 2*z - 4*t - 8, -9 = -3*z - m*t. What is the highest common divisor of z and 24?
3
Suppose 0 = -6*j + 418 + 218. What is the greatest common divisor of 2 and j?
2
Let u = 8 - -111. Calculate the greatest common factor of 34 and u.
17
Let a(v) = -v**2 - 47*v + 210. Let g be a(-51). Calculate the greatest common divisor of 2 and g.
2
Suppose -244 = -4*u + 2*k, -k + 3*k = 2*u - 120. Suppose 5 = 2*w - 7. Let m be (-4)/(-8) + 555/w. What is the greatest common factor of u and m?
31
Let z = 689 + -191. Let l = -309 + z. Suppose -6 - 14 = 4*j, -2*n + 2*j + 52 = 0. What is the greatest common factor of n and l?
21
Let i(b) = -10*b - 13*b**2 - 2*b - 8 + 2*b**3 + 0*b**2 - b**3. Let w be i(14). What is the highest common divisor of 10 and w?
10
Suppose 0 = -3*l + 3*f - 3, -3*l - 2*f - 56 + 78 = 0. Calculate the greatest common factor of l and 8.
4
Let x = 799 - 512. Calculate the greatest common divisor of 7 and x.
7
Suppose 2*n = 2*i - 40, 2*n = 2*i - 3*i + 26. Let z = i - 2. Suppose -3*t - r = -26, 5*r = -4*t + 4*r + 34. What is the highest common factor of z and t?
4
Let k = -14 + 53. Suppose 3*q = 9 + k. Let h be q + -18 - (-226 - 0). What is the greatest common divisor of 32 and h?
32
Suppose -629*c = -639*c + 90. What is the highest common factor of 279 and c?
9
Suppose 100 = -5*p + 2*l + 267, 0 = -5*p + 5*l + 155. Suppose 10*w - p = 5*w. What is the highest common factor of 49 and w?
7
Suppose -43 = 3*m - 19. Let v be (15/2)/(m/(-16)). What is the highest common divisor of 15 and v?
15
Suppose 4*b = 3*b. Let k = b + 2. Let t be k/12*3*4. Calculate the highest common factor of 10 and t.
2
Let w = 41 + -44. Let s be 4 - (2 + 0 + w). What is the highest common factor of s and 40?
5
Suppose -160 - 56 = -3*h. Let w(a) be the first derivative of -17*a**4/4 - a**3/3 - a**2 - 27. Let r be w(-1). Calculate the greatest common factor of r and h.
18
Suppose y + 22 = -3*g, -2*g + 10 + 1 = -3*y. Let v = y - -19. Suppose 5*k + 8 = -v, 176 = 4*i - 5*k. Calculate the highest common divisor of 13 and i.
13
Suppose -3*d + 2*i + 170 = 0, 186 = 3*d - 4*i + 14. What is the highest common divisor of d and 16?
8
Let t(z) = 7*z**2 - 5*z + 6. Let g be t(1). Suppose -d = -3*d + 4. Calculate the greatest common divisor of g and d.
2
Let b be (-13)/(39/10)*-9*1. Calculate the highest common divisor of b and 18.
6
Let x = -1753 - -2552. What is the highest common factor of 17 and x?
17
Suppose 0 = 2*a - 5*a - 9, -23 = -l - 5*a. Suppose 0 = -5*r - 4*p + l, 0 = 2*p - 7*p - 15. What is the highest common divisor of r and 110?
10
Let c = -233 + 359. What is the greatest common factor of 36 and c?
18
Suppose 0 = -4*u - 7*f + 3*f + 60, -81 = -5*u + f. Suppose 0 = -3*l - 18 - 15. Let x be ((-24)/(-5))/(l/(-55)). Calculate the highest common factor of x and u.
8
Suppose -4*y = -3*y - 12. Suppose -7*u = -3*u - y. Let n be (u/(-4))/((-4)/80). Calculate the greatest common factor of 150 and n.
15
Suppose -2*o + 3*i = -69, 50*o - 55*o + 4*i = -169. What is the highest common divisor of o and 66?
33
Suppose 10 = t + 5. Let m = -3 + 5. Suppose i = m*i - 1. What is the greatest common divisor of t and i?
1
Let j = -1524 - -1573. What is the highest common factor of j and 49?
49
Let u = -16 - -20. Suppose 44 = u*c - 0*c - 4*v, c + 4*v - 6 = 0. Let f = 30 - 5. Calculate the greatest common divisor of f and c.
5
Let s be (-76 - -13)/(4/(-12)). Calculate the greatest common divisor of s and 513.
27
Let k = 137 - 2. Suppose -3*g - k = 4*d, -4*d + 0*g = -g + 147. Let m = -19 - d. What is the greatest common divisor of m and 68?
17
Let b be (743 - 7)/2 - 4. What is the highest common divisor of 28 and b?
28
Let l = 75 - -77. Suppose l = 5*x + 47. Let f be (-1155)/15*18/(-6). What is the highest common divisor of f and x?
21
Let g be 216/3*16/32. What is the greatest common divisor of g and 9?
9
Let k = 1894 - 1876. What is the greatest common divisor of k and 243?
9
Let w be 3815/63 + 4/9. Calculate the greatest common divisor of 1 and w.
1
Let w(l) = -111*l + 49. Let d(t) = -37*t + 16. Let j(m) = 8*d(m) - 3*w(m). Let v be j(3). Calculate the greatest common factor of v and 23.
23
Suppose -9*y - 858 = -20*y. Calculate the highest common divisor of 741 and y.
39
Suppose -8*b - 3*b = -22. Let l(q) = -q**3 - 3*q**2 + 4. Let j be l(-3). What is the greatest common factor of b and j?
2
Let n be 12 + -10 - -1*(2 + 1). Suppose 18*c - 260 = n*c. Calculate the greatest common factor of 160 and c.
20
Let d = 1059 - 933. What is the highest common divisor of d and 14?
14
Suppose 4*w - 135 - 313 = 0. Let c = 24 - 8. What is the greatest common factor of c and w?
16
Let a = -15 - -8. Let h = 18 + a. Let y = -1 + h. What is the greatest common factor of y and 20?
10
Let s be 2/(1 + (-3)/9). Suppose 2*o = s + 3. Suppose o*i = 183 + 57. Calculate the greatest common divisor of 16 and i.
16
Let w = -22 - -31. Let v(u) = -u**2 + 10*u + 3. Let q be v(w). Suppose -10 = -r - 4. Calculate the highest common factor of q and r.
6
Suppose 2*x = 2*m + 3 - 21, m = -x - 5. Let c = x + 9. Let b be 1/(c/4) - -96. Calculate the highest common divisor of b and 14.
14
Suppose 7*v - 1456 + 1337 = 0. What is the greatest common factor of 374 and v?
17
Suppose 0 = w + 5*d - 21, -2*d = -5*w - 5*d + 61. What is the highest common divisor of 253 and w?
11
Let p = -24 - -34. Suppose 5*i + 15 = p*i. Suppose -3*a = -3*k - 57, 4*k = -a + i + 16. What is the greatest common factor of a and 133?
19
Let z = -263 - -264. What is the greatest common factor of 1 and z?
1
Let g be 1 - (8/(-14) - 5164/28). Calculate the highest common factor of g and 6.
6
Let o be ((-240)/(-6))/(6/15). Suppose 6*c = -10 + o. What is the highest common factor of c and 20?
5
Let c be (-4525)/(-10) + 0 - 3/2. Let k = -36 + 77. What is the highest